ose 3*b = j + 29, -3*j - 2*b = 26 + 116. Let k be (-3 - -1) + (j - 3). Let s be 2/(-6) - k/3. What is the highest common divisor of s and 40?
8
Let w be (1 - (-37)/(-3))/(2/(-15)). Let d = 193 - w. What is the highest common factor of d and 72?
36
Suppose -n = -27 + 17. Suppose 5*y - 396 = -x, 0 = 2*y + x - 4*x - 172. What is the greatest common factor of n and y?
10
Suppose -3*u = -5*u + 12. Let k be -31 + 38 - (-3)/(-3). What is the greatest common factor of k and u?
6
Let b be (-24)/(-16)*20/6. Let i be (-6)/33 - 2/(-11). Suppose 16 = 4*c, -4*s + b*c = -i*c - 48. What is the highest common factor of 34 and s?
17
Suppose 3*l = -2*l + 45. Let a be 2/l + (-1498)/(-63). Suppose 2*k + 0*k = a. Calculate the highest common factor of 3 and k.
3
Let s be (-5 - -4) + 25 + 2. What is the highest common divisor of 1066 and s?
26
Let r be (-3 + 732/8)*6. Calculate the highest common divisor of r and 9.
9
Let l(v) = 93*v**2 + 104*v - 8. Let j be l(-3). What is the highest common factor of 44 and j?
11
Suppose -3*a + 72 = -2*v - 88, v = 5*a - 255. What is the highest common divisor of 675 and a?
25
Let z(r) = 2*r - 5. Let s be 6*(-1)/((-12)/8). Let d be z(s). Let x be (-4*d)/(-4 - -2). Calculate the greatest common divisor of x and 30.
6
Let j = -191 + 195. Let t be (8/(-3))/((-4)/114). Calculate the highest common divisor of j and t.
4
Let z(j) = -j**3 + 5*j**2 + 9*j - 8. Let h be z(6). Let g(k) = -40*k. Let b be g(-1). What is the greatest common divisor of h and b?
10
Let d be -552*((-4)/(-8) + 22/(-12)). Suppose 4*f - 4*o = d, -o - 737 = -5*f + 167. What is the greatest common factor of 30 and f?
30
Let u = 510 + -498. What is the greatest common factor of u and 66?
6
Suppose -10*o = -5*o - 25. Suppose -2*s - t = -20, 2*s - 4*s + o*t = -44. Calculate the highest common factor of s and 2.
2
Suppose j + 3 = -2*n, -5*j + 4 = -5*n - 56. Let p be (-20)/(-3) - 5/(-15). Calculate the greatest common divisor of j and p.
7
Let f be 0 + -2 + 3 + -13. Let y be f/(-8) + (-3)/(-2). Suppose -3*z + 2*m + 48 = 0, -z + 50 = y*z + 2*m. Calculate the greatest common divisor of 7 and z.
7
Let x = 142 + -42. Suppose l = -3*l + 496. Suppose -4*y = 3*q - l, -y = -0*y - 1. What is the highest common divisor of q and x?
20
Let n(j) = -j**3 + 3*j**2 + 5*j - 6. Let i be n(4). Let d(w) = 6*w - 1 - 8*w - 4*w. Let s be d(i). Calculate the greatest common factor of s and 11.
11
Let q = 4 - 25. Let a = 75 + q. Calculate the greatest common divisor of a and 18.
18
Let v be 588 + 0*(-4)/(3 + -7). What is the highest common divisor of 18 and v?
6
Let c be (-32)/48*(-1 - 2). Let a(f) = 1 + 3 - f**c + f**2 + f**3 + f**2. Let b be a(4). What is the highest common factor of b and 56?
28
Suppose 0 = -6*h + 92 + 10. Let m = -35 + 52. Calculate the greatest common divisor of h and m.
17
Let n be ((-33)/45*-6)/(2/110). What is the highest common factor of 22 and n?
22
Let k(s) = 128*s + 2093. Let h be k(-16). Let f = 83 + -53. What is the highest common factor of f and h?
15
Let v(m) = 6*m**2 - 7*m + 10. Let a be v(4). Suppose 3*q - 6*q = -a. Calculate the highest common divisor of 78 and q.
26
Let f(q) = -q**3 + 35*q**2 - 67*q - 3. Let y be f(32). Calculate the highest common factor of 25 and y.
25
Suppose n + 2 = 0, -o + 4*n + 32 = o. Suppose o = -s + 2*s + 3*k, 4*s - 80 = -4*k. Let d = 17 - 5. Calculate the greatest common factor of s and d.
12
Let u = 12 + -14. Let c be 5 - (0 - u) - -13. What is the greatest common divisor of c and 208?
16
Let h be (3 + 576/4)*(-32)/(-96). What is the greatest common factor of h and 14?
7
Let r = -557 + 602. Calculate the highest common divisor of r and 30.
15
Let y be (8 + 9)*1/1. Suppose y*l - 12 = 13*l. Calculate the greatest common divisor of l and 6.
3
Let u be (2/14*6)/((-94)/(-3948)). Let m(j) = 6*j**2 + 2*j - 2. Let s be m(-3). Let y = s - 22. Calculate the greatest common factor of u and y.
12
Suppose 592 = 3*x - 191. Let q = 52 - 23. Calculate the highest common factor of q and x.
29
Let r = -68 + 150. Calculate the highest common divisor of 41 and r.
41
Let s(m) = m**2 - 23*m + 82. Let g be s(19). Calculate the highest common divisor of g and 48.
6
Let m(a) = 6*a - 6. Let g be m(-1). Let p be (-93)/21 + g/(-28) + 13. What is the greatest common divisor of 36 and p?
9
Let r(d) = d**3 - 10*d**2 + 8*d + 2. Let c be r(9). Let o = c + 40. Suppose 9*b = 4*b + 2*w + 99, -b = 4*w - o. What is the highest common factor of b and 231?
21
Suppose 1141 = -17*u + 1175. Calculate the highest common factor of u and 86.
2
Let w = -20 + 28. Suppose 5*b - 2*o + 3*o - 49 = 0, 2*o = w. What is the highest common divisor of b and 3?
3
Let x(a) = -a**3 + 2*a**2 + 3*a - 6. Let l be x(-6). Let f be 17 - ((-4)/(-1) + -11). Calculate the greatest common divisor of f and l.
24
Suppose -7*d = -80 - 11. Let h(y) = y**3 + 10*y**2 + 14*y + 12. Let q be h(-4). Calculate the greatest common divisor of q and d.
13
Let z be (-6 - (1 - 4) - 247)/(-1). Suppose 62*a + z = 67*a. Calculate the highest common divisor of a and 25.
25
Let i = 6 + -10. Let u be ((-10)/4)/(i/192). Suppose 0 = -y - s + 12 + 12, y = 3*s + 24. What is the greatest common divisor of y and u?
24
Let o be ((-6)/6)/(3/(-6)). Let k be o/(-7) + (-968)/(-56). What is the highest common divisor of k and 153?
17
Let w(n) = -18*n + 47. Let m be w(2). Suppose -3*i = 2*i - 55. Calculate the greatest common factor of i and m.
11
Let j(l) = l**3 + l**2 - 3. Let a be j(2). What is the greatest common factor of a and 423?
9
Suppose 66*j - 51*j - 825 = 0. Calculate the greatest common factor of 55 and j.
55
Let f = 228 - 204. Calculate the highest common factor of f and 3.
3
Let l(f) = -2*f**3 + 29*f**2 + 16*f - 8. Let t be l(15). What is the greatest common factor of t and 3?
1
Let c be (-1 - 358/(-6))*3. Suppose -3*d - 6 + 18 = 0. Suppose 84 = 5*b + d. What is the highest common factor of b and c?
16
Suppose -6*z = 13 - 31. Suppose -y + 5*y - 96 = 0. Calculate the greatest common factor of y and z.
3
Suppose 0 = i + 4*i - a - 80, -4*i = -2*a - 70. Let k = 47 - -28. Calculate the greatest common divisor of k and i.
15
Let l = -4 + 8. Suppose -p - l = -5. Let o be (-6 - -48)/(p*2). What is the greatest common divisor of o and 42?
21
Suppose -2*a - 84 = -5*r, 0 = -4*r + 3*r + 2*a + 20. What is the greatest common divisor of r and 464?
16
Let a be ((-80)/15)/8 + 17/3. Suppose -5*m + 315 = -2*m. Suppose -m = -2*o - 3*w, 3*o - 265 = -o + a*w. What is the greatest common factor of 24 and o?
12
Let v be (4 - 4)*1/2. Suppose r + 3 = n + 2*r, v = 5*n - 5*r - 15. Suppose i + 2 = n*i. Calculate the greatest common factor of 1 and i.
1
Let o = 4 - -4. Let v(c) = c**2 + 6*c - 11. Let a be v(-8). Let n be (8/a)/(1/35). Calculate the highest common divisor of o and n.
8
Let h = 151 - 106. Suppose y = 6*y - h. Let r = -250 - -322. Calculate the greatest common divisor of y and r.
9
Let n be (192/128)/((-6)/(-200)). Calculate the greatest common divisor of 950 and n.
50
Suppose 0*d - 5*d + 20 = 0. Suppose -d*p + 5 = -7. Suppose 2*c = 2*i - 38, -2*i + 55 = 2*i + p*c. What is the greatest common factor of 4 and i?
4
Let z(h) = 3*h - h + 25*h**2 - h - 9*h**2. Let v be z(1). Let j = v - 5. What is the greatest common factor of 60 and j?
12
Let s = 2 + 24. Let b(h) = 182*h. Let t be b(1). Calculate the highest common factor of s and t.
26
Let f = -16 - -29. Let x(y) = -y**3 + 13*y**2 + 4*y + 1. Let h be x(f). Let r = h + 107. Calculate the highest common factor of r and 20.
20
Let l be (8 + -7)/((-3)/24). Let q = l + 12. Calculate the highest common factor of 32 and q.
4
Let c = -35 - -61. Let m = 43 - c. Suppose m = 3*i - 22. Calculate the highest common divisor of 13 and i.
13
Let w be 3 + (-4)/16*-4. Suppose -5*o + 34 = -3*o. Let d = 29 - o. What is the highest common divisor of w and d?
4
Suppose -l - 12 = l + 2*a, 0 = 3*l - 4*a + 39. Let q(w) = -w**3 - 7*w**2 + 13*w + 10. Let t be q(l). What is the highest common factor of t and 5?
5
Suppose 3*u + u = -2*w + 938, w - 434 = 5*u. Suppose -8 = 4*m, 5*m - 50 = 3*t - w. What is the greatest common factor of 19 and t?
19
Let y(w) = -w**3 + 21*w**2 + 80*w - 12. Let t be y(24). What is the greatest common divisor of 20 and t?
20
Let p(n) = -n**2 + 9*n + 13. Let t be p(10). Suppose -j - 3 - 12 